+ 31. Let k = 20 + -12. Let q be (-57)/k*6/9*4. What is the remainder when 93 is divided by r(q)?
9
What is the remainder when 319 is divided by (2/14)/(-6 + (-2950)/(-490))?
4
Suppose -2*v + 13*b + 7839 = 18*b, 0 = 4*b - 4. Calculate the remainder when v is divided by 355.
12
Let d = -8 - -49. Suppose -c - 446 - 756 = -4*n, n - 3*c = 306. What is the remainder when 1946/24 - 25/n is divided by d?
40
Let h = -9042 + 9068. What is the remainder when 2068 is divided by h?
14
Suppose 5*x - 78 + 53 = 0. Suppose x*w = 2*i + 289, w = 2*i - 7*i + 74. What is the remainder when w is divided by 3/15 + (-177)/(-15)?
11
Suppose -2*f - 800 = -4*q - 3*f, -3*f + 400 = 2*q. What is the remainder when q is divided by 51?
47
Suppose 4*b = -s + 41, -3*s - 25*b = -30*b - 157. What is the remainder when s is divided by 36?
13
Suppose 596*r = 602*r - 882. Calculate the remainder when r is divided by 32.
19
Suppose -3*z - 7890 = -12*z - 6*z. What is the remainder when z is divided by 31?
30
Let a = -255 + 643. Suppose -675*h = 217*h - 34788. Calculate the remainder when a is divided by h.
37
Let p(u) = 11*u - 50. Let l be p(5). Suppose -a = 3*o - l*o - 35, 0 = -3*a + o + 105. Calculate the remainder when 172 is divided by a.
32
Suppose -2*m + 30 - 22 = 0. Suppose 5*g + 5*b + 1 = -m, -5*b + 11 = -3*g. What is the remainder when ((-1)/g)/(12/1656) is divided by 15?
9
Suppose 0*j - 396 = -9*j. Let c be (j/6)/2 + (-12)/18. Suppose 26 = c*b - 1. What is the remainder when 24 is divided by b?
6
Let w be (-4)/(-10)*1*5. Suppose 0 = -5*c - w*k - k + 484, 5*k - 15 = 0. What is the remainder when c is divided by 26?
17
Let l be (-2)/((14/77)/(-1)). Suppose l*p + 234 = 24*p. Calculate the remainder when 140 is divided by p.
14
Let k be (0 - -2)*(20 - 12). Let f = 26 - k. Let x(h) = h**3 - 12*h**2 + 22*h - 1. Calculate the remainder when 75 is divided by x(f).
18
Suppose 5*g - 4*o = 0, 4*g + 2*o = 7*o + 9. Let v = g + 8. Suppose 11*p = 7*p + 60. What is the remainder when p is divided by v?
3
Let o(q) = q**3 + 24*q**2 + 66*q + 47. Let f be o(-10). Let i = -734 + f. What is the remainder when i is divided by 19?
15
Let j = -640 + 709. Suppose -57*y = -80*y + j. What is the remainder when 3 is divided by y?
0
Suppose -30*i = 31*i - 0*i - 1098. Calculate the remainder when i is divided by ((-12)/(-15))/(2/30).
6
Let d = 0 - 7. Let p(j) = j**2 - 19*j + 18. Let a(c) = -18*c + 14. Let z(w) = -4*a(w) + 3*p(w). What is the remainder when z(d) is divided by 21?
19
Let l be (3 - 0)/(-10 - -11). Let g be 30/20*(-2)/l - -3. Suppose 5*m - 39 - 154 = -2*n, 0 = -2*m - g*n + 76. What is the remainder when 154 is divided by m?
37
Suppose -1 = -4*d + d - s, 5*s + 31 = 3*d. Suppose -d*q - 1190 = -12*q. Calculate the remainder when q is divided by 60.
59
Let f(u) = 1025*u - 59415. Suppose c - 40 = -3*b + 213, -3*c = -3. What is the remainder when b is divided by f(58)?
14
Let i = -15345 + 15353. What is the remainder when 4694 is divided by i?
6
Let y(f) = -52*f + 6525. What is the remainder when 6672 is divided by y(125)?
22
Let l = -60 + 65. Suppose -4*b + 3*y - 5*y + 2 = 0, b + 5 = l*y. Calculate the remainder when 59 is divided by 23/1 - (b - -2).
17
Let r be (-6)/(-4)*(-8)/(-3). Suppose -3*n - 3*o + 45 = 0, 0 = -8*n + 13*n - 2*o - 47. What is the remainder when 198/5 + r/10 is divided by n?
7
Let f(n) = 30*n**3 + 12*n**2 - 15*n - 10. Calculate the remainder when f(3) is divided by 54.
53
Suppose 7*z = -22 - 13. Let y(k) = 9*k**2 - 4*k - 48. Calculate the remainder when y(z) is divided by 40.
37
Let j = 47 + 151. Let g = 212 - j. What is the remainder when (0 - 5)/((-1)/5) is divided by g?
11
Let m(u) = 724*u**2 + 66*u + 363. Calculate the remainder when m(-10) is divided by 57.
55
Suppose 4*g - 5*j - 830 = 0, 0*j - 964 = -5*g - 6*j. What is the remainder when g is divided by 76?
48
Suppose -669*r + 663*r + 246 = 0. Suppose 3*o + l = 40, -3*o + 0*l = -4*l - 65. Calculate the remainder when r is divided by o.
11
Let b = -3334 + 3508. Calculate the remainder when 1388 is divided by b.
170
Let p(j) = j**3 - 3*j**2 + 3*j - 17. Let t be p(3). Let n(k) = 2*k**2 + 7*k - 56. What is the remainder when n(t) is divided by 4?
0
Suppose -5*d + 413 = 3*m, -4 = m - 0*m. Let u = 35 + -33. Suppose -u + 90 = 4*j. Calculate the remainder when d is divided by j.
19
Let n = 45 + -20. Suppose 12*t - 7*t = -10, 6 = z - t. Calculate the remainder when n is divided by z.
1
Let i be (2 + (0 - -1))*(36 - -3). Let u = i + -78. Calculate the remainder when u is divided by (-1*(-4 + 1) - 3) + 25.
14
Suppose 4*w = 5*z - 20, 0*z - 4*z + 16 = w. Let o = 3238 - 3208. Calculate the remainder when o is divided by z.
2
Let r(a) = a**3 + 61*a**2 - 18*a + 156. What is the remainder when r(-49) is divided by 34?
32
Let c(w) = 13*w - 12*w + 6 + 13*w + 10*w. Calculate the remainder when 593 is divided by c(2).
53
Suppose -l + 2*l - 96 = 0. Suppose -j = -5*h - 78, j + l = 2*j + 4*h. What is the remainder when j is divided by -3 - (-22)/6 - (-134)/6?
19
Let u(x) = -x**3 - 15*x**2 + 26*x + 39. Let o be u(-16). What is the remainder when 108 is divided by (-4)/(-22) - (5665/o - -8)?
30
Calculate the remainder when -71*(48/(-4) - 5) is divided by 307.
286
Let g(a) = 11*a**2 - 1124*a - 440. What is the remainder when 4922 is divided by g(104)?
2
Let j be 35/4 + (3 - (-60)/(-16)). Suppose -j*b = -14*b. Suppose -c - 4*n + 56 + 0 = b, -c + n = -36. What is the remainder when 117 is divided by c?
37
Suppose -10279 - 4959 = -116*o - 1782. What is the remainder when 1159 is divided by o?
115
Suppose 4*y - 5*u - 867 + 39 = 0, 5*y - 4*u = 1026. What is the remainder when y is divided by 25?
2
Let r be (-18)/(-4) - (-33)/66. Suppose -2*b + 99 = -r*a, -a = 4*b - 112 - 31. Suppose 6*q - 88 = 2*q. Calculate the remainder when b is divided by q.
15
Suppose -5*u + 0 = -z - 13, 0 = -2*u + 6. Suppose -20 = -z*v + 2*m, -35 = -v + m - 5*m. Let a = -85 - -94. What is the remainder when v is divided by a?
6
Let x = 96 - 96. Suppose 5*k - z + 198 = z, 2*k - z + 79 = x. Calculate the remainder when k/50 + (-508)/(-10) is divided by 17.
16
Suppose -o = -3*u - 177, 61 = -o - u + 258. Suppose -4*a + 429 = -0*a - 5*i, 2*a = -2*i + o. What is the remainder when a is divided by 28?
17
Calculate the remainder when 136 is divided by (-96)/(-84)*(-1904)/(-64).
0
Suppose 3*t + 4*p = t + 162, -t + 2*p + 65 = 0. Suppose 120 = 3*f - 153. Suppose 4*c - 195 = -f. What is the remainder when t is divided by c?
21
Let m(p) = p**3 - 13*p**2 + 30*p + 15. Let o be m(10). Let f(i) = -i**2 + 14*i + 33. Calculate the remainder when f(o) is divided by 8.
2
Suppose -4*t + 4 = -2*n, 4*t - 7 = -n - 3. Let w(u) = 311*u**2 + 4*u - 5. What is the remainder when w(t) is divided by 39?
37
What is the remainder when 2621 is divided by (-2)/(-3) - (66 + -58)*23/(-12)?
13
Let n be (3 - 9 - -5)*21. What is the remainder when 162 is divided by (-1587)/n + (-104)/(-14) + -8?
12
Suppose -7*c + 339 + 1873 = 0. Let a = 360 - c. Calculate the remainder when a is divided by 5.
4
Let a = 192 + -187. Suppose 53 - 83 = -a*c. What is the remainder when 153 is divided by c?
3
Let n = -15 - -25. Suppose -261 = -25*i + 639. Suppose -35 = -5*p - 5*y, 2*p - 4*y = 7*p - i. What is the remainder when n is divided by p?
2
What is the remainder when ((-2128)/(-114) - 19)/(2/(-9318)) is divided by 87?
74
Let s(a) = 2*a - 32. Let u be s(16). Suppose -4*y - 5 + 69 = u. What is the remainder when 45 is divided by y?
13
Let u = -79 + 79. Suppose u*b = 11*b - 55. Suppose -240 = -b*f - 5*i + i, 171 = 4*f - i. What is the remainder when f is divided by 16?
12
What is the remainder when 2156 is divided by (-2 + (-110)/(-66))/(1/(-78))?
24
Suppose -2594*m + 2857*m - 464721 = 0. What is the remainder when m is divided by 1757?
10
Let r(a) be the second derivative of 8*a**3 - 3*a. Suppose -62*b + 140*b - 3744 = -66*b. What is the remainder when r(1) is divided by b?
22
Suppose -3*u + 5*x + 129 - 25 = 0, 0 = -2*u - 3*x + 25. Calculate the remainder when 114 is divided by u.
22
Let q(b) = -b**3 - 46*b**2 - 313*b + 16. What is the remainder when 3430 is divided by q(-8)?
86
Let u be (3/(-2))/(191484/(-31920) - -6). Calculate the remainder when 147 is divided by (-66)/429 + u/(-26).
45
Suppose 27*x + 2434 - 5753 - 8750 = 0. Wh